{"id":147,"date":"2022-01-20T20:32:32","date_gmt":"2022-01-20T20:32:32","guid":{"rendered":"http:\/\/www.celebioglutekstil.com\/?page_id=147"},"modified":"2024-03-21T10:52:47","modified_gmt":"2024-03-21T10:52:47","slug":"urunler-2","status":"publish","type":"page","link":"http:\/\/www.celebioglutekstil.com\/index.php\/urunler-2\/","title":{"rendered":"\u00dcr\u00fcnler"},"content":{"rendered":"\n<p><strong>\u00dcr\u00fcnlerimizden bir k\u0131sm\u0131n\u0131n foto\u011fraflar\u0131n\u0131 a\u015fa\u011f\u0131da g\u00f6rebilirsiniz,<\/strong><\/p>\n\n\n\n<div class=\"wp-block-columns\">\n<div class=\"wp-block-column\" style=\"flex-basis:100%\">\n<div class=\"wp-block-group\"><div class=\"wp-block-group__inner-container\">\n<div class=\"wp-block-columns\">\n<div class=\"wp-block-column\" style=\"flex-basis:100%\">\n<div class=\"wp-block-group\"><div class=\"wp-block-group__inner-container\">\n<div class=\"wp-block-columns\">\n<div class=\"wp-block-column\" style=\"flex-basis:100%\">\n<div class=\"wp-block-group\"><div class=\"wp-block-group__inner-container\">\n<div class=\"wp-block-columns\">\n<div class=\"wp-block-column is-vertically-aligned-center\" style=\"flex-basis:100%\">\n<div class=\"wp-block-group\"><div class=\"wp-block-group__inner-container\">\n<div class=\"wp-block-group\"><div class=\"wp-block-group__inner-container\">\n<div class=\"wp-block-image is-style-default\"><figure class=\"aligncenter size-large\"><img loading=\"lazy\" width=\"751\" height=\"1024\" src=\"http:\/\/www.celebioglutekstil.com\/wp-content\/uploads\/2024\/03\/Atlas-751x1024.jpg\" alt=\"\" class=\"wp-image-238\" srcset=\"http:\/\/www.celebioglutekstil.com\/wp-content\/uploads\/2024\/03\/Atlas-751x1024.jpg 751w, http:\/\/www.celebioglutekstil.com\/wp-content\/uploads\/2024\/03\/Atlas-220x300.jpg 220w, http:\/\/www.celebioglutekstil.com\/wp-content\/uploads\/2024\/03\/Atlas-768x1048.jpg 768w, http:\/\/www.celebioglutekstil.com\/wp-content\/uploads\/2024\/03\/Atlas-1126x1536.jpg 1126w, http:\/\/www.celebioglutekstil.com\/wp-content\/uploads\/2024\/03\/Atlas-1501x2048.jpg 1501w, http:\/\/www.celebioglutekstil.com\/wp-content\/uploads\/2024\/03\/Atlas-685x934.jpg 685w, http:\/\/www.celebioglutekstil.com\/wp-content\/uploads\/2024\/03\/Atlas-2000x2728.jpg 2000w, http:\/\/www.celebioglutekstil.com\/wp-content\/uploads\/2024\/03\/Atlas-scaled.jpg 1877w\" sizes=\"(max-width: 751px) 100vw, 751px\" \/><figcaption><strong><span class=\"has-inline-color has-black-color\">Double<\/span><\/strong><\/figcaption><\/figure><\/div>\n<\/div><\/div>\n\n\n\n<div class=\"wp-block-group\"><div class=\"wp-block-group__inner-container\">\n<div class=\"wp-block-image is-style-default\"><figure class=\"alignleft size-large\"><img loading=\"lazy\" width=\"759\" height=\"1024\" src=\"http:\/\/www.celebioglutekstil.com\/wp-content\/uploads\/2024\/03\/turlu-krep-759x1024.jpg\" alt=\"\" class=\"wp-image-242\" srcset=\"http:\/\/www.celebioglutekstil.com\/wp-content\/uploads\/2024\/03\/turlu-krep-759x1024.jpg 759w, http:\/\/www.celebioglutekstil.com\/wp-content\/uploads\/2024\/03\/turlu-krep-222x300.jpg 222w, http:\/\/www.celebioglutekstil.com\/wp-content\/uploads\/2024\/03\/turlu-krep-768x1037.jpg 768w, http:\/\/www.celebioglutekstil.com\/wp-content\/uploads\/2024\/03\/turlu-krep-1138x1536.jpg 1138w, http:\/\/www.celebioglutekstil.com\/wp-content\/uploads\/2024\/03\/turlu-krep-1517x2048.jpg 1517w, http:\/\/www.celebioglutekstil.com\/wp-content\/uploads\/2024\/03\/turlu-krep-685x925.jpg 685w, http:\/\/www.celebioglutekstil.com\/wp-content\/uploads\/2024\/03\/turlu-krep-2000x2699.jpg 2000w, http:\/\/www.celebioglutekstil.com\/wp-content\/uploads\/2024\/03\/turlu-krep-scaled.jpg 1897w\" sizes=\"(max-width: 759px) 100vw, 759px\" \/><figcaption><strong><span class=\"has-inline-color has-black-color\">Turlu \u00c7ift Tarafl\u0131 Krep<\/span><\/strong><\/figcaption><\/figure><\/div>\n<\/div><\/div>\n<\/div><\/div>\n<\/div>\n<\/div>\n<\/div><\/div>\n<\/div>\n<\/div>\n<\/div><\/div>\n<\/div>\n<\/div>\n<\/div><\/div>\n<\/div>\n<\/div>\n\n\n\n<p><\/p>\n\n\n\n<div class=\"wp-block-group\"><div class=\"wp-block-group__inner-container\">\n<div class=\"wp-block-image is-style-default\"><figure class=\"alignleft size-large\"><img loading=\"lazy\" width=\"722\" height=\"1024\" src=\"http:\/\/www.celebioglutekstil.com\/wp-content\/uploads\/2024\/03\/20230525_111110-722x1024.jpg\" alt=\"\" class=\"wp-image-245\" srcset=\"http:\/\/www.celebioglutekstil.com\/wp-content\/uploads\/2024\/03\/20230525_111110-722x1024.jpg 722w, http:\/\/www.celebioglutekstil.com\/wp-content\/uploads\/2024\/03\/20230525_111110-212x300.jpg 212w, http:\/\/www.celebioglutekstil.com\/wp-content\/uploads\/2024\/03\/20230525_111110-768x1089.jpg 768w, http:\/\/www.celebioglutekstil.com\/wp-content\/uploads\/2024\/03\/20230525_111110-1084x1536.jpg 1084w, http:\/\/www.celebioglutekstil.com\/wp-content\/uploads\/2024\/03\/20230525_111110-1445x2048.jpg 1445w, http:\/\/www.celebioglutekstil.com\/wp-content\/uploads\/2024\/03\/20230525_111110-685x971.jpg 685w, http:\/\/www.celebioglutekstil.com\/wp-content\/uploads\/2024\/03\/20230525_111110-2000x2835.jpg 2000w, http:\/\/www.celebioglutekstil.com\/wp-content\/uploads\/2024\/03\/20230525_111110-scaled.jpg 1806w\" sizes=\"(max-width: 722px) 100vw, 722px\" \/><figcaption><strong><span class=\"has-inline-color has-black-color\">Tensel Gold<\/span><\/strong><\/figcaption><\/figure><\/div>\n\n\n\n<p><\/p>\n<\/div><\/div>\n\n\n\n<div class=\"wp-block-group\"><div class=\"wp-block-group__inner-container\">\n<div class=\"wp-block-image is-style-default\"><figure class=\"alignleft size-large\"><img loading=\"lazy\" width=\"732\" height=\"1024\" src=\"http:\/\/www.celebioglutekstil.com\/wp-content\/uploads\/2024\/03\/20230525_110816-732x1024.jpg\" alt=\"\" class=\"wp-image-244\" srcset=\"http:\/\/www.celebioglutekstil.com\/wp-content\/uploads\/2024\/03\/20230525_110816-732x1024.jpg 732w, http:\/\/www.celebioglutekstil.com\/wp-content\/uploads\/2024\/03\/20230525_110816-214x300.jpg 214w, http:\/\/www.celebioglutekstil.com\/wp-content\/uploads\/2024\/03\/20230525_110816-768x1075.jpg 768w, http:\/\/www.celebioglutekstil.com\/wp-content\/uploads\/2024\/03\/20230525_110816-1097x1536.jpg 1097w, http:\/\/www.celebioglutekstil.com\/wp-content\/uploads\/2024\/03\/20230525_110816-1463x2048.jpg 1463w, http:\/\/www.celebioglutekstil.com\/wp-content\/uploads\/2024\/03\/20230525_110816-685x959.jpg 685w, http:\/\/www.celebioglutekstil.com\/wp-content\/uploads\/2024\/03\/20230525_110816-2000x2799.jpg 2000w, http:\/\/www.celebioglutekstil.com\/wp-content\/uploads\/2024\/03\/20230525_110816-scaled.jpg 1829w\" sizes=\"(max-width: 732px) 100vw, 732px\" \/><figcaption><strong><span class=\"has-inline-color has-black-color\">Polyviskon Nikol<\/span><\/strong><\/figcaption><\/figure><\/div>\n<\/div><\/div>\n\n\n\n<div class=\"wp-block-group\"><div class=\"wp-block-group__inner-container\">\n<div class=\"wp-block-image is-style-default\"><figure class=\"alignleft size-large\"><img loading=\"lazy\" width=\"724\" height=\"1024\" src=\"http:\/\/www.celebioglutekstil.com\/wp-content\/uploads\/2024\/03\/Alara-Krep-724x1024.jpg\" alt=\"\" class=\"wp-image-246\" srcset=\"http:\/\/www.celebioglutekstil.com\/wp-content\/uploads\/2024\/03\/Alara-Krep-724x1024.jpg 724w, http:\/\/www.celebioglutekstil.com\/wp-content\/uploads\/2024\/03\/Alara-Krep-212x300.jpg 212w, http:\/\/www.celebioglutekstil.com\/wp-content\/uploads\/2024\/03\/Alara-Krep-768x1086.jpg 768w, http:\/\/www.celebioglutekstil.com\/wp-content\/uploads\/2024\/03\/Alara-Krep-1087x1536.jpg 1087w, http:\/\/www.celebioglutekstil.com\/wp-content\/uploads\/2024\/03\/Alara-Krep-1449x2048.jpg 1449w, http:\/\/www.celebioglutekstil.com\/wp-content\/uploads\/2024\/03\/Alara-Krep-685x968.jpg 685w, http:\/\/www.celebioglutekstil.com\/wp-content\/uploads\/2024\/03\/Alara-Krep-2000x2827.jpg 2000w, http:\/\/www.celebioglutekstil.com\/wp-content\/uploads\/2024\/03\/Alara-Krep-scaled.jpg 1811w\" sizes=\"(max-width: 724px) 100vw, 724px\" \/><figcaption><strong><span class=\"has-inline-color has-black-color\">Alara Krep<\/span><\/strong><\/figcaption><\/figure><\/div>\n<\/div><\/div>\n\n\n\n<div class=\"wp-block-group\"><div class=\"wp-block-group__inner-container\">\n<div class=\"wp-block-image is-style-default\"><figure class=\"alignleft size-large\"><img loading=\"lazy\" width=\"755\" height=\"1024\" src=\"http:\/\/www.celebioglutekstil.com\/wp-content\/uploads\/2024\/03\/terykoton-755x1024.jpg\" alt=\"\" class=\"wp-image-247\" srcset=\"http:\/\/www.celebioglutekstil.com\/wp-content\/uploads\/2024\/03\/terykoton-755x1024.jpg 755w, http:\/\/www.celebioglutekstil.com\/wp-content\/uploads\/2024\/03\/terykoton-221x300.jpg 221w, http:\/\/www.celebioglutekstil.com\/wp-content\/uploads\/2024\/03\/terykoton-768x1041.jpg 768w, http:\/\/www.celebioglutekstil.com\/wp-content\/uploads\/2024\/03\/terykoton-1133x1536.jpg 1133w, http:\/\/www.celebioglutekstil.com\/wp-content\/uploads\/2024\/03\/terykoton-1510x2048.jpg 1510w, http:\/\/www.celebioglutekstil.com\/wp-content\/uploads\/2024\/03\/terykoton-685x929.jpg 685w, http:\/\/www.celebioglutekstil.com\/wp-content\/uploads\/2024\/03\/terykoton-2000x2712.jpg 2000w, http:\/\/www.celebioglutekstil.com\/wp-content\/uploads\/2024\/03\/terykoton-scaled.jpg 1888w\" sizes=\"(max-width: 755px) 100vw, 755px\" \/><figcaption><strong><span class=\"has-inline-color has-black-color\">Terykoton<\/span><\/strong><\/figcaption><\/figure><\/div>\n<\/div><\/div>\n\n\n\n<div class=\"wp-block-group\"><div class=\"wp-block-group__inner-container\">\n<div class=\"wp-block-image is-style-default\"><figure class=\"alignleft size-large\"><img loading=\"lazy\" width=\"721\" height=\"1024\" src=\"http:\/\/www.celebioglutekstil.com\/wp-content\/uploads\/2024\/03\/Tify-721x1024.jpg\" alt=\"\" class=\"wp-image-248\" srcset=\"http:\/\/www.celebioglutekstil.com\/wp-content\/uploads\/2024\/03\/Tify-721x1024.jpg 721w, http:\/\/www.celebioglutekstil.com\/wp-content\/uploads\/2024\/03\/Tify-211x300.jpg 211w, http:\/\/www.celebioglutekstil.com\/wp-content\/uploads\/2024\/03\/Tify-768x1090.jpg 768w, http:\/\/www.celebioglutekstil.com\/wp-content\/uploads\/2024\/03\/Tify-1082x1536.jpg 1082w, http:\/\/www.celebioglutekstil.com\/wp-content\/uploads\/2024\/03\/Tify-1442x2048.jpg 1442w, http:\/\/www.celebioglutekstil.com\/wp-content\/uploads\/2024\/03\/Tify-685x973.jpg 685w, http:\/\/www.celebioglutekstil.com\/wp-content\/uploads\/2024\/03\/Tify-2000x2840.jpg 2000w, http:\/\/www.celebioglutekstil.com\/wp-content\/uploads\/2024\/03\/Tify-scaled.jpg 1803w\" sizes=\"(max-width: 721px) 100vw, 721px\" \/><figcaption><strong><span class=\"has-inline-color has-black-color\">Tify<\/span><\/strong><\/figcaption><\/figure><\/div>\n<\/div><\/div>\n\n\n\n<div class=\"wp-block-group\"><div class=\"wp-block-group__inner-container\">\n<div class=\"wp-block-image is-style-default\"><figure class=\"alignleft size-large is-resized\"><img loading=\"lazy\" src=\"http:\/\/www.celebioglutekstil.com\/wp-content\/uploads\/2022\/01\/SIFON-DIJITAL-31-820x1024.jpg\" alt=\"\" class=\"wp-image-183\" width=\"736\" height=\"981\"\/><figcaption><strong><span class=\"has-inline-color has-black-color\">\u015eifon Dijital<\/span><\/strong><\/figcaption><\/figure><\/div>\n<\/div><\/div>\n\n\n\n<div class=\"wp-block-group\"><div class=\"wp-block-group__inner-container\">\n<div class=\"wp-block-image is-style-default\"><figure class=\"alignleft size-large\"><img loading=\"lazy\" width=\"729\" height=\"1024\" src=\"http:\/\/www.celebioglutekstil.com\/wp-content\/uploads\/2024\/03\/20230103_152640-729x1024.jpg\" alt=\"\" class=\"wp-image-249\" srcset=\"http:\/\/www.celebioglutekstil.com\/wp-content\/uploads\/2024\/03\/20230103_152640-729x1024.jpg 729w, http:\/\/www.celebioglutekstil.com\/wp-content\/uploads\/2024\/03\/20230103_152640-213x300.jpg 213w, http:\/\/www.celebioglutekstil.com\/wp-content\/uploads\/2024\/03\/20230103_152640-768x1079.jpg 768w, http:\/\/www.celebioglutekstil.com\/wp-content\/uploads\/2024\/03\/20230103_152640-1093x1536.jpg 1093w, http:\/\/www.celebioglutekstil.com\/wp-content\/uploads\/2024\/03\/20230103_152640-1457x2048.jpg 1457w, http:\/\/www.celebioglutekstil.com\/wp-content\/uploads\/2024\/03\/20230103_152640-685x963.jpg 685w, http:\/\/www.celebioglutekstil.com\/wp-content\/uploads\/2024\/03\/20230103_152640-2000x2810.jpg 2000w, http:\/\/www.celebioglutekstil.com\/wp-content\/uploads\/2024\/03\/20230103_152640-scaled.jpg 1822w\" sizes=\"(max-width: 729px) 100vw, 729px\" \/><figcaption><strong><span class=\"has-inline-color has-black-color\">Asetat Saten<\/span><\/strong><\/figcaption><\/figure><\/div>\n<\/div><\/div>\n\n\n\n<div class=\"wp-block-group\"><div class=\"wp-block-group__inner-container\">\n<div class=\"wp-block-image is-style-default\"><figure class=\"alignleft size-large is-resized\"><img loading=\"lazy\" src=\"http:\/\/www.celebioglutekstil.com\/wp-content\/uploads\/2022\/01\/SATEN-DIJITAL-2-749x1024.jpg\" alt=\"\" class=\"wp-image-189\" width=\"734\" height=\"979\"\/><figcaption>Saten Dijital<\/figcaption><\/figure><\/div>\n<\/div><\/div>\n\n\n\n<div class=\"wp-block-group\"><div class=\"wp-block-group__inner-container\">\n<div class=\"wp-block-group\"><div class=\"wp-block-group__inner-container\">\n<div class=\"wp-block-image is-style-default\"><figure class=\"alignleft size-full is-resized\"><img loading=\"lazy\" src=\"http:\/\/www.celebioglutekstil.com\/wp-content\/uploads\/2023\/11\/Ekran-Resmi-2023-11-10-22.02.17.png\" alt=\"\" class=\"wp-image-222\" width=\"746\" height=\"974\" srcset=\"http:\/\/www.celebioglutekstil.com\/wp-content\/uploads\/2023\/11\/Ekran-Resmi-2023-11-10-22.02.17.png 532w, http:\/\/www.celebioglutekstil.com\/wp-content\/uploads\/2023\/11\/Ekran-Resmi-2023-11-10-22.02.17-229x300.png 229w\" sizes=\"(max-width: 746px) 100vw, 746px\" \/><figcaption>Non Woven<\/figcaption><\/figure><\/div>\n\n\n\n<p><\/p>\n<\/div><\/div>\n<\/div><\/div>\n","protected":false},"excerpt":{"rendered":"<p>\u00dcr\u00fcnlerimizden bir k\u0131sm\u0131n\u0131n foto\u011fraflar\u0131n\u0131 a\u015fa\u011f\u0131da g\u00f6rebilirsiniz,<\/p>\n","protected":false},"author":1,"featured_media":0,"parent":0,"menu_order":0,"comment_status":"closed","ping_status":"closed","template":"","meta":{"_ti_tpc_template_sync":false,"_ti_tpc_template_id":""},"_links":{"self":[{"href":"http:\/\/www.celebioglutekstil.com\/index.php\/wp-json\/wp\/v2\/pages\/147"}],"collection":[{"href":"http:\/\/www.celebioglutekstil.com\/index.php\/wp-json\/wp\/v2\/pages"}],"about":[{"href":"http:\/\/www.celebioglutekstil.com\/index.php\/wp-json\/wp\/v2\/types\/page"}],"author":[{"embeddable":true,"href":"http:\/\/www.celebioglutekstil.com\/index.php\/wp-json\/wp\/v2\/users\/1"}],"replies":[{"embeddable":true,"href":"http:\/\/www.celebioglutekstil.com\/index.php\/wp-json\/wp\/v2\/comments?post=147"}],"version-history":[{"count":15,"href":"http:\/\/www.celebioglutekstil.com\/index.php\/wp-json\/wp\/v2\/pages\/147\/revisions"}],"predecessor-version":[{"id":250,"href":"http:\/\/www.celebioglutekstil.com\/index.php\/wp-json\/wp\/v2\/pages\/147\/revisions\/250"}],"wp:attachment":[{"href":"http:\/\/www.celebioglutekstil.com\/index.php\/wp-json\/wp\/v2\/media?parent=147"}],"curies":[{"name":"wp","href":"https:\/\/api.w.org\/{rel}","templated":true}]}}