{"id":145,"date":"2022-01-20T20:32:32","date_gmt":"2022-01-20T20:32:32","guid":{"rendered":"http:\/\/www.celebioglutekstil.com\/?page_id=145"},"modified":"2022-01-20T22:04:36","modified_gmt":"2022-01-20T22:04:36","slug":"ana-sayfa","status":"publish","type":"page","link":"http:\/\/www.celebioglutekstil.com\/index.php\/ana-sayfa\/","title":{"rendered":"Ana Sayfa"},"content":{"rendered":"\n<p>    \u00c7elebio\u011flu Tekstil de\u011fi\u015fen d\u00fcnya \u015fartlar\u0131na ra\u011fmen hizmet kalitesinden \u00f6d\u00fcn vermeyen, t\u00fcm payda\u015flar\u0131na \u015feffafl\u0131kla yakla\u015fan, i\u015fini tutkuyla icra eden, g\u00fcvenilir, i\u015fbirlik\u00e7i , kaliteyi h\u0131zla sunabilen, kreatif tasar\u0131mlar\u0131 teknolojik altyap\u0131s\u0131yla de\u011ferlendirip s\u00fcrd\u00fcr\u00fclebilir bir b\u00fcy\u00fcme hedefiyle yoluna devam etmektedir. <\/p>\n\n\n\n<hr class=\"wp-block-separator is-style-wide\"\/>\n\n\n\n<p><\/p>\n\n\n\n<p>Detayl\u0131 Bilgi \u0130\u00e7in Bize Ula\u015f\u0131n;<\/p>\n\n\n\n<p>\u00c7elebio\u011flu Tekstil<\/p>\n\n\n\n<p>Kaz\u0131m Karabekir Mahallesi<\/p>\n\n\n\n<p>A\u00e7ang\u00fcl Sokak No:3\/B<\/p>\n\n\n\n<p>16270 Y\u0131ld\u0131r\u0131m \/ BURSA<\/p>\n\n\n\n<p>Tel: 0224 364 65 66<\/p>\n\n\n\n<p>www.celebioglutekstil.com<\/p>\n\n\n\n<p>info@celebioglutekstil.com<\/p>\n\n\n\n<iframe src=\"https:\/\/www.google.com\/maps\/embed?pb=!1m14!1m8!1m3!1d12188.44645546353!2d29.0961939!3d40.2065801!3m2!1i1024!2i768!4f13.1!3m3!1m2!1s0x0%3A0x92872606a7adee30!2zw4dlbGViaW_En2x1IFRla3N0aWw!5e0!3m2!1str!2str!4v1642711646126!5m2!1str!2str\" width=\"900\" height=\"450\" style=\"border:0;\" allowfullscreen=\"\" loading=\"lazy\"><\/iframe>\n","protected":false},"excerpt":{"rendered":"<p>\u00c7elebio\u011flu Tekstil de\u011fi\u015fen d\u00fcnya \u015fartlar\u0131na ra\u011fmen hizmet kalitesinden \u00f6d\u00fcn vermeyen, t\u00fcm payda\u015flar\u0131na \u015feffafl\u0131kla yakla\u015fan, i\u015fini tutkuyla icra eden, g\u00fcvenilir, i\u015fbirlik\u00e7i , kaliteyi h\u0131zla sunabilen, kreatif tasar\u0131mlar\u0131 teknolojik altyap\u0131s\u0131yla de\u011ferlendirip s\u00fcrd\u00fcr\u00fclebilir bir b\u00fcy\u00fcme hedefiyle yoluna devam etmektedir. Detayl\u0131 Bilgi \u0130\u00e7in Bize Ula\u015f\u0131n; \u00c7elebio\u011flu Tekstil Kaz\u0131m Karabekir Mahallesi A\u00e7ang\u00fcl Sokak No:3\/B 16270 Y\u0131ld\u0131r\u0131m \/ BURSA Tel: 0224 &hellip; <a href=\"http:\/\/www.celebioglutekstil.com\/index.php\/ana-sayfa\/\" class=\"more-link\">Continue reading <span class=\"screen-reader-text\">Ana Sayfa<\/span><\/a><\/p>\n","protected":false},"author":1,"featured_media":0,"parent":0,"menu_order":0,"comment_status":"closed","ping_status":"closed","template":"templates\/full-width-page.php","meta":{"_ti_tpc_template_sync":false,"_ti_tpc_template_id":""},"_links":{"self":[{"href":"http:\/\/www.celebioglutekstil.com\/index.php\/wp-json\/wp\/v2\/pages\/145"}],"collection":[{"href":"http:\/\/www.celebioglutekstil.com\/index.php\/wp-json\/wp\/v2\/pages"}],"about":[{"href":"http:\/\/www.celebioglutekstil.com\/index.php\/wp-json\/wp\/v2\/types\/page"}],"author":[{"embeddable":true,"href":"http:\/\/www.celebioglutekstil.com\/index.php\/wp-json\/wp\/v2\/users\/1"}],"replies":[{"embeddable":true,"href":"http:\/\/www.celebioglutekstil.com\/index.php\/wp-json\/wp\/v2\/comments?post=145"}],"version-history":[{"count":3,"href":"http:\/\/www.celebioglutekstil.com\/index.php\/wp-json\/wp\/v2\/pages\/145\/revisions"}],"predecessor-version":[{"id":198,"href":"http:\/\/www.celebioglutekstil.com\/index.php\/wp-json\/wp\/v2\/pages\/145\/revisions\/198"}],"wp:attachment":[{"href":"http:\/\/www.celebioglutekstil.com\/index.php\/wp-json\/wp\/v2\/media?parent=145"}],"curies":[{"name":"wp","href":"https:\/\/api.w.org\/{rel}","templated":true}]}}